?
1494
Calculate the remainder when 3518888 is divided by 1172945.
53
Calculate the remainder when 68857 is divided by 4570.
307
Calculate the remainder when 186256 is divided by 569.
193
What is the remainder when 47506790 is divided by 4400?
4390
Calculate the remainder when 736219501 is divided by 317.
315
What is the remainder when 3050556 is divided by 31128?
12
Calculate the remainder when 25651 is divided by 4977.
766
Calculate the remainder when 58234 is divided by 7273.
50
Calculate the remainder when 116001 is divided by 4077.
1845
Calculate the remainder when 7159461 is divided by 23.
21
Calculate the remainder when 4963162 is divided by 703.
685
What is the remainder when 300041 is divided by 16?
9
Calculate the remainder when 638345 is divided by 33.
26
What is the remainder when 150481 is divided by 37603?
69
Calculate the remainder when 61030 is divided by 772.
42
Calculate the remainder when 38867397 is divided by 30.
27
What is the remainder when 5140040 is divided by 3567?
3560
Calculate the remainder when 1297102 is divided by 24944.
14
What is the remainder when 241298108 is divided by 13291?
3
Calculate the remainder when 474626 is divided by 308.
306
What is the remainder when 4179737 is divided by 33?
23
Calculate the remainder when 1826291 is divided by 76.
11
Calculate the remainder when 1760078 is divided by 1909.
1889
Calculate the remainder when 1260084 is divided by 106.
62
Calculate the remainder when 62911357 is divided by 20.
17
Calculate the remainder when 41874 is divided by 13698.
780
What is the remainder when 11578849 is divided by 1835?
1834
What is the remainder when 16705 is divided by 8283?
139
Calculate the remainder when 54480 is divided by 18065.
285
Calculate the remainder when 492503 is divided by 10471.
366
Calculate the remainder when 25783491 is divided by 68.
67
Calculate the remainder when 840054 is divided by 688.
6
What is the remainder when 5492045 is divided by 401?
350
What is the remainder when 678633 is divided by 4295?
23
What is the remainder when 5685973 is divided by 1895240?
253
What is the remainder when 49574688 is divided by 7082092?
44
Calculate the remainder when 137037 is divided by 2921.
2671
Calculate the remainder when 913345 is divided by 1167.
751
Calculate the remainder when 10113564 is divided by 4485.
4374
What is the remainder when 1351713 is divided by 67?
55
Calculate the remainder when 17134672 is divided by 672.
16
What is the remainder when 94143 is divided by 881?
757
What is the remainder when 4261772 is divided by 1218?
1208
Calculate the remainder when 7005030 is divided by 1093.
1086
What is the remainder when 6528356 is divided by 114532?
32
What is the remainder when 8632612 is divided by 308?
296
Calculate the remainder when 2468076 is divided by 36.
24
Calculate the remainder when 5142911 is divided by 5753.
5482
What is the remainder when 53424 is divided by 204?
180
What is the remainder when 546564 is divided by 11385?
84
What is the remainder when 278245 is divided by 2728?
2717
What is the remainder when 189958 is divided by 4136?
3838
What is the remainder when 43573109 is divided by 7262181?
23
What is the remainder when 7000 is divided by 1740?
40
What is the remainder when 47084 is divided by 2478?
2
What is the remainder when 9536205 is divided by 170?
55
Calculate the remainder when 117376 is divided by 58656.
64
What is the remainder when 25562143 is divided by 25562139?
4
What is the remainder when 552529 is divided by 858?
835
Calculate the remainder when 5326456 is divided by 5326378.
78
Calculate the remainder when 15027 is divided by 6148.
2731
What is the remainder when 11761716 is divided by 73973?
9
Calculate the remainder when 3525169 is divided by 29619.
508
What is the remainder when 89383 is divided by 29550?
733
What is the remainder when 34287 is divided by 1986?
525
What is the remainder when 44331249 is divided by 17?
9
Calculate the remainder when 710568 is divided by 16.
8
What is the remainder when 4506228 is divided by 299?
298
Calculate the remainder when 11224243 is divided by 230.
13
What is the remainder when 10977295 is divided by 17?
4
What is the remainder when 93614544 is divided by 471?
468
Calculate the remainder when 44114189 is divided by 1222.
1211
Calculate the remainder when 30112908 is divided by 19.
17
Calculate the remainder when 31443 is divided by 6228.
303
What is the remainder when 9525 is divided by 2222?
637
What is the remainder when 26007234 is divided by 2167259?
126
What is the remainder when 62557576 is divided by 160?
136
What is the remainder when 2881191 is divided by 4372?
43
What is the remainder when 15772647 is divided by 1752513?
30
Calculate the remainder when 1300476 is divided by 75.
51
Calculate the remainder when 1298978 is divided by 51945.
353
What is the remainder when 549593 is divided by 5432?
961
What is the remainder when 4399505 is divided by 367?
276
Calculate the remainder when 3469508 is divided by 3469489.
19
What is the remainder when 37077408 is divided by 3370672?
16
Calculate the remainder when 13643641 is divided by 509.
405
What is the remainder when 4766977 is divided by 105932?
37
Calculate the remainder when 85466 is divided by 161.
136
Calculate the remainder when 847550 is divided by 211883.
18
Calculate the remainder when 84724 is divided by 10560.
244
Calculate the remainder when 12531999 is divided by 79.
71
Calculate the remainder when 3783866 is divided by 3543.
3485
Calculate the remainder when 2770726 is divided by 324.
202
Calculate the remainder when 29549 is divided by 7245.
569
Calculate the remainder when 520539 is divided by 413.
159
Calculate the remainder when 385115 is divided by 34956.
599
Calculate the remainder when 814383 is divided by 26268.
75
What is the remainder when 66901984 is divided by 53?
31
What is the remainder when 11036822 is divided by 113?
112
Calculate the remainder when 130464 is divided by 32594.
88
Calculate the remainder when 165993 is divided by 20737.
97
Calculate the remainder when 4462127 is divided by 99.
98
Calculate the remainder when 3657 is divided by 3077.
580
What is the remainder when 2468430 is divided by 1624?
1574
Calculate the remainder when 128312 is divided by 2982.
86
What is the remainder when 15213834 is divided by 6711?
6708
Calculate the remainder when 298788 is divided by 149144.
500
What is the remainder when 14552306 is divided by 194030?
56
What is the remainder when 2289421 is divided by 304?
301
What is the remainder when 139274 is divided by 45603?
2465
What is the remainder when 29634 is divided by 29324?
310
Calculate the remainder when 881017 is divided by 91.
46
What is the remainder when 502475 is divided by 4578?
3473
Calculate the remainder when 1546433 is divided by 650.
83
Calculate the remainder when 2586219 is divided by 8.
3
What is the remainder when 72344511 is divided by 28674?
9
What is the remainder when 264886 is divided by 2559?
1309
Calculate the remainder when 27244925 is divided by 3037.
3035
What is the remainder when 45723 is divided by 454?
323
What is the remainder when 14772403 is divided by 363?
118
Calculate the remainder when 8971264 is divided by 289389.
205
Calculate the remainder when 10705559 is divided by 144.
23
What is the remainder when 86625 is divided by 159?
129
Calculate the remainder when 33989154 is divided by 1231.
13
Calculate the remainder when 6064411 is divided by 140.
31
Calculate the remainder when 6812439 is divided by 15.
9
What is the remainder when 1498448 is divided by 772?
768
Calculate the remainder when 1014483 is divided by 12680.
83
Calculate the remainder when 617838 is divided by 123554.
68
What is the remainder when 5454470 is divided by 3239?
3233
What is the remainder when 1032015 is divided by 1789?
1551
What is the remainder when 1118654 is divided by 176?
174
Calculate the remainder when 7899495 is divided by 370.
365
What is the remainder when 26774190 is divided by 250226?
8
What is the remainder when 45051677 is divided by 53?
34
What is the remainder when 19684335 is divided by 69067?
240
What is the remainder when 41695127 is divided by 4169507?
57
What is the remainder when 71684436 is divided by 344?
340
What